6 + z*b + 7*b - 11*b + b**2. What is s(-6)?
-6
Let r = -15 - -18. Let c(q) = r + q + 0*q + 3*q - 6*q. What is c(-6)?
15
Let i(k) be the second derivative of -k**7/2520 - k**6/360 + k**5/30 - 19*k**4/12 + 17*k. Let p(b) be the third derivative of i(b). What is p(4)?
-20
Let t(x) = x**2 + 2*x + 6. Let a be t(0). Suppose l - a*l = -25. Let n(r) = -r**3 + 4*r**2 + 6*r + 6. Give n(l).
11
Let m(q) be the first derivative of 5*q**2/2 - 46*q + 15. Let u(o) = -o + 9. Let v(n) = 2*m(n) + 11*u(n). Calculate v(5).
2
Suppose n - 7 = -12. Let w(x) = x**3 + 4*x**2 - 4*x - 5. Give w(n).
-10
Let p(c) = c - 2. Suppose 2*z + z + 12 = 0. Let g = 8 + -3. Let n = g + z. Give p(n).
-1
Let v(c) = -5*c**2 - 15*c + 11. Let r(k) = 8*k**2 + 29*k - 19. Let s(g) = 3*r(g) + 5*v(g). What is s(9)?
25
Let w = -17 - -21. Let o = -2 - w. Let h(n) = n**3 + 6*n**2 + 3*n - 2. What is h(o)?
-20
Let q(u) be the first derivative of -5*u**2/2 - 7*u + 334. What is q(-2)?
3
Let h(a) = -2*a - 2*a + 2*a. Let d(o) = -o**2 - 11*o + 27. Let b be d(-12). Suppose 5*v + u = -0*u - 14, -4*v + 3*u - b = 0. What is h(v)?
6
Let c = 198 - 203. Let d(m) = 4*m + 29. Determine d(c).
9
Let r(j) = j**2 - 6*j - 2. Let n(s) = s**3 + 6*s**2 + 4*s + 3. Let g be n(-5). Suppose -g*h = -3*h - 300. Let b be h/35*14/4. Determine r(b).
-2
Let u(t) = -t**3 + 12*t**2 - 11*t + 9. Suppose -637*w + 143 = -624*w. What is u(w)?
9
Suppose -4*k - 6 = -3*t - 0, 4 = -2*t. Let p(x) be the first derivative of 2*x**3/3 + x**2/2 - 3*x - 4. Calculate p(k).
12
Let q be 54/7 - (-26)/91. Suppose -4*o = l - 31 + 1, 0 = -3*o - l + 23. Let k(w) = 1 + 2*w - 3*w - o*w + w**2 + 1. Give k(q).
2
Let m = -137 - -144. Let s(p) = -m*p**2 + 4*p**2 + 9 + 4*p**2 - 11*p. What is s(8)?
-15
Let w(z) = -5*z**3 - 11*z**2 - 10*z - 1. Let l(i) = -4*i**3 - 10*i**2 - 9*i. Let b(x) = 6*l(x) - 5*w(x). Give b(5).
-15
Let l(f) be the first derivative of -f**5/40 + 31*f**3/3 + 4. Let s(h) be the third derivative of l(h). Calculate s(4).
-12
Let b(c) = -c - 6. Let a be b(0). Let h(s) = -1 + 2*s + s + 0*s - 2*s. Give h(a).
-7
Let m(q) = -3*q - 14. Suppose -41*f - 200 = -16*f. Calculate m(f).
10
Let x(j) = -j**2 + 5*j + 1. Let q be x(4). Let k(u) = -17*u**3 + 12*u**3 - 1 + 6*u**3 - 3 - q*u + 3*u**2. Determine k(-4).
0
Let l(s) = -2*s**2 - 11*s + 1. Let u be l(-5). Suppose 0 = -u*w + 11*w - 25. Suppose -w = -13*x + 14*x. Let t(b) = -b - 4. What is t(x)?
1
Let a = -23 - -30. Let q(d) be the second derivative of d**3/6 - d**2 + 10*d. Determine q(a).
5
Let a(t) = 259*t**2 - 269*t**2 - 2*t**3 + 4*t**3 - t**3 - 11*t. Calculate a(11).
0
Let s(q) = -3*q - 85. Let t be s(-28). Suppose -5*h - 4*p + 6 = 0, 3*h - 6 - 4 = 4*p. Let r(j) = -3*j**3 - j**h - 5*j**3 + 2*j**3 - 1 - 2*j. Determine r(t).
6
Let r(l) = -38*l - 46. Let z(i) = 8*i + 9. Let b(c) = 3*r(c) + 14*z(c). Determine b(-10).
8
Let k(a) = -a**2 + 1 - 6*a + 3*a + 2*a. Let j(b) = b**2 - 8*b - 10. Let n(s) = -j(s) - 2*k(s). Let m be n(-9). Let c(q) = 2*q - 1. Determine c(m).
-3
Let r = 209 + -211. Let o(m) = -13*m - 2. What is o(r)?
24
Let q(h) = h**2 - 6*h - 13. Let w(r) = 2*r**3 - 38*r**2 + 35*r + 16. Let g be w(18). What is q(g)?
3
Let x(k) = -3*k**3 - 2*k**2 - k. Let m be x(-1). Let l(r) be the third derivative of -r**5/60 + r**4/12 - r**3/2 + 924*r**2 + r. What is l(m)?
-3
Let u = -13 + 18. Suppose 6 = u*n - 19. Let r(z) = 4*z**2 + 8*z + 16. Let f(x) = -x**2 - 3*x - 5. Let b(t) = -7*f(t) - 2*r(t). Calculate b(n).
3
Let v(n) = 14*n**3 - n**2 - n + 1. Suppose -k - 54 = -55. Determine v(k).
13
Let l(v) = 8*v**2 - v**3 + 5*v + 74*v**2 + 7 - 88*v**2. Give l(-6).
-23
Let a(b) = -2*b**2 + 14*b - 14. Let u(d) = d**2 - 7*d + 8. Let x(j) = 3*a(j) + 5*u(j). What is x(9)?
-20
Suppose 3*o - 4*o = i + 3, 4*i + 3*o = -8. Let l(y) = 2*y + 2. Let b be l(2). Let p(u) = -5. Let w(m) = m - 6. Let s(d) = b*p(d) - 5*w(d). Calculate s(i).
-5
Let u(j) be the third derivative of -j**5/60 + 3*j**4/8 + 2*j**3/3 + 152*j**2. Give u(7).
18
Let m = -5384 - -5379. Let h(c) be the second derivative of c**4/12 + 2*c**3/3 - c**2 + c. What is h(m)?
3
Let l(f) = -7*f**3 - 19*f**2 + 13*f + 2. Let z be (-4)/3*(5 - 2). Let k(d) = -3*d**3 - 9*d**2 + 6*d + 1. Let p(g) = z*l(g) + 9*k(g). What is p(2)?
-7
Let k = 158 - 88. Suppose -4*c = 4*i + 56, i + k = -5*c - 0*c. Let h = c - -18. Let v(s) = s. Calculate v(h).
4
Suppose 5*l + 25 = 3*u, 6*u - 3*l - 21 = 3*u. Let z(o) = -3*o + u - 1 + o + 3*o. Give z(-6).
-2
Let v(i) = -5*i**2 - 3*i - 5. Let g(y) = 11*y**2 + 7*y + 11. Let u(z) = 4*g(z) + 9*v(z). Let p be (-2)/(-8) - (-28)/16. What is u(p)?
-3
Let t(z) = 6*z**2 + 52*z - 14. Let s be t(-9). Let d(f) be the first derivative of -s*f**2 + 6 + 3*f + 1/3*f**3. Calculate d(5).
-12
Let o(q) = 7*q + 5. Let c(v) = v + 1. Suppose -2*r = -14 + 18. Let a(t) = r*o(t) + 10*c(t). Give a(1).
-4
Let z(a) = -4*a**3 + 2*a**2 - a - 2. Let p be z(-1). Suppose -3*r + 2 - 5 = p*s, 2*r + 4 = -4*s. Let n(h) = h**2 - 2*h - 4. Give n(r).
4
Suppose 0 = -5*o - 20 - 0. Let g be ((-54)/o)/((-6)/(-16)). Let m(f) = 4*f - 43 + 0*f**2 + f**2 + g. Determine m(-6).
5
Suppose -2*h - 3*z + 7 = -2*z, 0 = h + 4*z. Let b(d) = 487 - 487 - h*d. Calculate b(-2).
8
Let l(g) be the third derivative of g**6/120 + g**5/60 - 2*g**2. Suppose -9*t + 182 = -16*t. Let j be 2/(-14) + (t/14 - -2). Determine l(j).
0
Let x(h) = h - 2. Let g = 69 - 62. Suppose -5*r = 3*s - g*s, 4*r = -3*s. Calculate x(r).
-2
Let q(a) = 197 - a - 196 + a**2 - 2*a**2. Suppose -n - 4*n - 5 = 0. Calculate q(n).
1
Let n = -111 + 180. Let k = -71 + n. Let x(t) = -t**3 - 2*t**2 + 2. Give x(k).
2
Suppose 12 = 2*z + 4. Let f(b) = -3*b - 4*b - z*b**2 + 9*b. Give f(2).
-12
Let j(k) be the third derivative of -1/24*k**4 + 0 + 0*k + 0*k**3 + 3*k**2 - 1/60*k**5. Let z be 4/18 + (-112)/(-63). Calculate j(z).
-6
Let t(r) = 4*r**2 + 11*r**2 - 1363 + 0*r**2 + 1353 - r**3. Determine t(15).
-10
Let c(g) = -2278*g**3 - 10 + 2277*g**3 - 13. Give c(0).
-23
Let b(j) = j**3 + 642*j**2 - 319*j**2 - 311*j**2 - 2*j + 15. What is b(-12)?
39
Let x(i) = -3*i. Let g(v) = 2*v. Let m be 0/(2 - 12/3). Suppose m = 4*f - 0*f - 16. Let r(z) = f*g(z) + 3*x(z). Determine r(1).
-1
Let r(u) be the first derivative of -u**4/4 - 4*u**3/3 - 5*u**2/2 - 4*u - 32. Let c = -20 + 17. Determine r(c).
2
Let r(x) be the first derivative of -x**3 - 2*x**2 - 3*x - 14. Calculate r(-2).
-7
Let z(y) = y + 10. Let m(x) = -x**3 - 12*x**2 - 10*x + 23. Let d be m(-11). What is z(d)?
22
Let l(y) = 6*y**3 - 13*y**2 - 6*y + 3. Let a(n) = -7*n**3 + 15*n**2 + 7*n - 4. Let v(g) = -5*a(g) - 6*l(g). Determine v(4).
-10
Let q(h) = -3*h**3 - 2*h**2 + 6. Let t(l) = -5 - 10*l**3 + 9 + 14 - 7*l**2. Suppose -5 = -6*j + 7. Let w(u) = j*t(u) - 7*q(u). Give w(0).
-6
Let s(v) = v**2 - 2*v + 4. Let h(a) = 3*a**3 + 3 + 8*a**2 - 2*a**2 + 7*a - 3*a**3 - a**3. Suppose 6*c = 4*c + 14. Let p be h(c). Give s(p).
7
Let c(z) = z + 2. Let d be c(-6). Let h(t) = -2*t - 20 - 8 + 24. Determine h(d).
4
Let p(g) = g + 14. Let n be p(-10). Let r(x) = 4 + n*x**3 - 3*x**3 + 598*x**2 - 603*x**2 + 2*x. Give r(4).
-4
Let t(h) = h + 2*h**2 + 3*h - 4 - h**3 + h. Let o(x) = -x. Let u be o(-2). Suppose -3*g = 5*i + 16, 0 = -2*i - 12 + u. What is t(g)?
2
Let p(m) = -10*m**3 - m**2 - 2*m - 1. Let i be p(-1). Let a be ((-4)/(-5))/((-2)/i). Let s(q) = q - 1. Determine s(a).
-5
Let w be (-704)/24*9/(-4). Suppose 5*t - 3*t - 2 = 0. Let x(r) = 62*r + t + 0 + 0 - w*r. Calculate x(3).
-11
Let y(j) = -j**2 + 8*j. Let t be y(6). Suppose a - t = -3*a. Let k(g) = -7*g + 3*g + 4 + 3*g. Give k(a).
1
Let z(h) = -h**3 + 11*h**2 - 5. Let x(u) = u**3 - 10*u**2 + 5. Let n(f) = 6*x(f) + 5*z(f). Suppose -3*y = 3*r - 1 - 2, 0 = -5*r + 4*y + 32. Calculate n(r).
-11
Let m(o) = -19*o**3 + 4*o**2 - 10*o - 17. Let i(l) = -7*l**3 + l**2 - 3*l - 6. Let v(q) = -11*i(q) + 4*m(q). What is v(-6)?
4
Suppose 5*g - 4*g = -1. Let v(f) = -6*f**2 - 5*f - 6. Let l(a) = 6*a**2 + 4*a + 5. Let b(y) = 7*l(y) + 6*v(y). Calculate b(g).
7
Let f(a) = -a**3 - 4*a**2 + 5*a - 2. Let i(g) = -3*g**3 - 8*g**2 + 10*g - 2. Let j(z) = 5*f(z) - 2*i(z). What is j(5)?
44
Suppose z + 0*z + 12 = 3*v, 2*v - 5*z - 21 = 0. Let i(k) = 24*k**3 + k - 12*k**v - 11*k**3 - k**2 + 11. Calculate i(0).
11
Let z(l) = 12*l + 1. Suppose -4 = -j - o - 5, 5*j - 16 = 2*o. Determine z(j).
25
Let k(b) = 8*b**2 + 